Evaluate 0 + (32 - 27 - (-6 - 10)).
21
-30 - (30 - 43) - -29
12
-8 + 10 + -38 + (11 - 5 - -4)
-26
What is the value of (-1 - -12) + 2 - (-59 + 68)?
4
What is the value of -8 + (1 + 2 - (-17 + -3 + 19))?
-4
Calculate 10 - (3 + 7 + -13 + 3 + -2).
12
Calculate -3 + -7 + 0 + 10 + 1 - -7.
8
What is the value of 14 - (-42 + 49 + (-2 - 3))?
12
-16 + 22 - (-6 - -5)
7
What is the value of (24 - (-11 + 12)) + 3 - (3 + 3)?
20
What is the value of -4 + -1 - (-9 + -3 + (28 - 8))?
-13
What is (0 - (-10 - (-5 - 4) - 2)) + 22?
25
Evaluate -2 + -21 + 0 - (-96 - -93).
-20
Evaluate -23 + -2 + (13 - 32) + 32.
-12
29 + (-26 - -12 - 2)
13
Evaluate -17 - (1 + -8 + -5 + 2).
-7
What is -1 - (-9 + 6 + -7 - -9)?
0
Evaluate (9 - (36 - (-5 - -14))) + 8.
-10
What is the value of 9 + (21 + -13 + 0 + 4 - 6)?
15
Evaluate (-128 - -131) + (-29 - -5).
-21
What is (1 - 3) + 1 + 6 - (3 + 0)?
2
What is the value of -5 + (4 - -14) + -7?
6
What is 17 - 1 - (46 + -28 - (10 + -1))?
7
3 + (-7 - 3) + 10 + 9
12
Evaluate (-45 - -53 - (1 - -7)) + 4.
4
What is the value of 14 + (10 - (12 - -12))?
0
What is 5 - (-5 + 8) - -8?
10
Calculate -2 - -11 - (1 - -3) - (-3 + 5).
3
(-12 - (-5 + (5 - 7))) + 11
6
What is 10 - 11 - 5 - (-10 + -3 + 3)?
4
What is the value of -86 + 70 - (-4 + 2 + -6)?
-8
What is the value of -11 + -9 + (10 - -9) - 11?
-12
What is (-18 + (42 - 16) - (0 - 0)) + -9?
-1
Evaluate 59 - (2 - 3) - 37.
23
What is the value of 3 + (12 - 10 - (-19 - -30))?
-6
What is the value of 12 - -2 - 11 - (0 + -5)?
8
Evaluate 33 + -26 - (-2 - 4).
13
Evaluate -19 - 4 - (-2 + -20).
-1
Calculate 14 + -3 + (6 - 17) + 13.
13
-6 + 12 + 14 + (-10 - (-7 + 4))
13
Evaluate 11 + (1 - (0 + 6)) + -69 + 68.
5
Evaluate 29 + 7 + -20 + -3.
13
Calculate 3 + -6 + (3 - 3).
-3
-2 - 10 - (1 + 18 + -22)
-9
What is the value of -6 - (30 - (3 - -7 - -5))?
-21
4 - ((-9 - -31) + 4) - 6
-28
Calculate (-4 - (-17 + 15 + 5)) + -6.
-13
What is the value of 12 + (-81 + 76 - (0 - -11))?
-4
(-24 - 1) + 54 - 35
-6
What is -25 + 21 + -32 - (-6 + -4)?
-26
43 + (10 - (5 - -35))
13
Calculate (-2 - 10) + 7 + -13 + 6.
-12
Evaluate (-9 - (-4 + -1)) + (15 - 13) - -18.
16
-1 + 1 - -14 - (943 - 940)
11
Evaluate 19 + (21 - 30) + -1 + -11.
-2
What is -7 + -16 + -14 + 48?
11
Calculate -8 + (1 - 3 - (-13 + 26)) + 1.
-22
0 + 19 + (-16 - -40 - 32)
11
Calculate 4 - (24 - -2 - (-11 - (16 - 30))).
-19
Evaluate (32 - (2 + 0)) + (19 - 31) + 4.
22
Evaluate 24 + -13 + (6 + -7 - -3) + -6.
7
Evaluate (-11 - -36 - 29) + (13 - -4).
13
Calculate 2 + 11 - (16 + 3).
-6
Calculate -3 - (-46 + -2 + 46).
-1
Calculate 1 - (3 + -1 + -1 - (4 - 9)).
-5
Evaluate (72 - 31) + -45 + -2.
-6
What is 1 - (-4 + (-3 + -3 - (17 + -26)))?
2
Calculate 38 + 15 + -11 - 19.
23
What is 8 + (-37 - (-2 + -2 + 1))?
-26
What is the value of (11 - -5 - 7) + -11 + (23 - 2)?
19
What is 1 - -9 - (-5 + (-5 - (0 - 12)))?
8
Calculate -11 - (8 - (1 + -3 + -1)).
-22
What is -18 + -22 + 79 - 22?
17
What is 7 + -5 - (2 + 5)?
-5
What is the value of -6 + 12 + -3 - (-15 + 12)?
6
-12 + 6 + -12 + 4
-14
10 - ((12 - (0 + 4)) + -6 - -5)
3
-13 + -16 + 15 + 3 + (-1 - -3)
-9
What is the value of (-6 - -9 - 6) + -6?
-9
Calculate 30 - (-5 + 34 + -25).
26
(-5 - (-1 - 0 - (-3 + 3))) + -2
-6
What is -17 - (-15 + -22 + 17)?
3
(9 - -49 - 59) + 0 + -26
-27
Calculate (-21 - -14 - (3 + -1)) + 6 + 3.
0
Evaluate 7 + -1 + 3 + 2 + -19 + -15.
-23
What is the value of 11 + 19 + -3 + -1?
26
What is ((-20 - -2) + 4 - (24 - 28)) + -8?
-18
Calculate -29 - (-69 + (14 - -12)).
14
Evaluate (17 - (-3 + 17)) + (-4 + 10 - 23).
-14
Calculate 9 + 6 + -9 - (6 - 4).
4
11 - (-3 + -2 - (-2 - 1))
13
Calculate 24 + -30 + 43 - 53.
-16
-58 - -58 - (7 - (0 + -2))
-9
What is -51 - (-68 + 36 + -1)?
-18
What is the value of -6 + (1 - -4) - (-15 + 2)?
12
Evaluate -1 - (1 + -3) - (518 - 526).
9
What is the value of (10 - (5 - -6)) + -4 + -14?
-19
-15 - -4 - (-5 - (-8 + 11))
-3
Calculate (8 - (3 - (-5 + 3))) + (1 - -2).
6
(-14 - -27) + -18 - (-1 + -20)
16
What is the value of -95 + 86 - (-4 - -1)?
-6
What is (8 - (8 - 3) - 10) + -5?
-12
What is the value of -2 - (-4 - (9 + -4 - 2 - 8))?
-3
Evaluate (-47 + 34 - -10) + 18 + -3.
12
(-4 - (16 - 26)) + (-1 - -1)
6
What is -1 - 6 - (-32 - -48 - 8)?
-15
-15 + (9 - (24 + -16))
-14
What is the value of (-21 + 3 - (17 - 17)) + -5?
-23
What is the value of 20 - (-20 + 33) - (5 - (1 + -1))?
2
What is the value of 5 + -3 - 17 - (211 + -212)?
-14
What is 9 + (-7 - 1) + 19 - (1 - -7)?
12
What is the value of -6 + (12 - 22) + -6?
-22
Calculate 16 + 0 - (-1 - (1 + 5) - -9).
14
Calculate -15 - (-4 - -14 - 23) - (-4 + 0).
2
Evaluate -1 + (0 - 1) + 10.
8
(6 - 10) + (10 - 5) + (-2 - -5)
4
What is -1 - -9 - (21 - 73 - -73)?
-13
-9 + 9 + (13 + (9 - 19) - -14)
17
Calculate (-1 - 7) + -10 + 4 + 10 + 20.
16
(-15 - (-3 - 8)) + -5 + -2 + 7
-4
What is 4 + (2 - 8 - -15)?
13
Evaluate 17 + 4 + -13 - 0.
8
What is the value of -5 + (2 + (-5 - -9) - 10)?
-9
Calculate -6 - (0 + -6 + (8 - -5)).
-13
-9 - (13 - (4 + 2) - 3 - 0)
-13
Calculate (-5 - (-2 - 11) - 2) + 5.
11
Calculate -3 + -2 + -13 + 17 - 9.
-10
Evaluate 12 - 4 - (-10 + 14 - 7).
11
What is -12 + -25 + 28 + 25?
16
What is the value of -1648 + 1646 + 21 + -1 + 0?
18
What is -6 - (6 - 51 - -13 - (-5 + -3))?
18
(-2 - 4) + (0 + 1 - (1 - 0))
-6
(-8 - (-8 + 3 + -9)) + -1 + -5
0
Evaluate 3 - 0 - -35 - (11 - -16 - 23).
34
Evaluate -6 + -11 + (122 - 100).
5
Evaluate 6 - (-1 - (-17 + 1 - (21 + -25))).
-5
-36 + 3 - (155 - 167)
-21
What is the value of -22 + -10 - -15 - -34?
17
What is 5 - -8 - 24 - (-3 - 2)?
-6
76 + -52 - (13 - -3)
8
What is the value of (18 - (-20 + 51)) + 10?
-3
Calculate -1 + 6 + -1083 + 1097.
19
What is the value of (-11 - -1) + (9 + 3 - 18)?
-16
What is the value of 9 - ((27 - (41 + -22)) + 0 + -17)?
18
What is the value of 7 + 4 + (-1 - (57 + -17))?
-30
Calculate -40 + 10 + -3 + 86 + -75.
-22
-15 + 5 + 4 - (4 - 13)
3
44 - ((18 - (-9 + 21)) + 8)
30
Calculate -16 + 4 + 7 - (-2 - -1).
-4
What is 4 + 2 + (2 - (1 - -13))?
-6
Evaluate (-92 - -33) + 53 + (11 - (1 - 0)).
4
Calculate 1 + -1 + 28 - (-1684 + 1700).
12
-5 - (7 + -14) - (-6 + 20)
-12
Evaluate 7 - (-7 + -2 - (-33 + 3)).
-14
Evaluate 0 - -29 - 1 - (64 - 57).
21
What is the value of (-1 - (-5 + (-3 - -12))) + 17?
12
Calculate (38 - ((2 - 6) + 12)) + -12.
18
Evaluate -16 - 1 - (10 - -8 - 4).
-31
What is the value of (-11 - -2) + (-19 - -15) - (-7 + 0)?
-6
28 + -25 + (-9 - 0 - -2)
-4
What is the value of (6 - (2 - 0)) + (1 - -9) + -15?
-1
What is (20 - 4 - 7) + 0 + -10?
-1
Evaluate 0 - 11 - (0 - 48 - -53).
-16
Evaluate -36 + (-31 - -7) + 32.
-28
Calculate 12 - (12 - ((4 - -15) + 0)).
19
Calculate (-7 + 8 + 11 - 17) + 25.
20
(-10 + -14 - -38) + -9 + -1
4
Evaluate 33 - 30 - (9 - (5 + -6 + 0)).
-7
-4 + (-6 + 2 - (-2 + -2))
-4
What is 19 - (3 - (-8 - (0 - 4)))?
12
7 + (-16 - (10 - 18))
-1
What is the value of -415 + 379 + (-5 - -57)?
16
What is (48 + -21 - 21) + 12?
18
Calculate 61 - 73 - (2 - -1) - 2.
-17
What is 96 + -84 - ((3 - 6) + -11)?
26
What is -20 + (3 - -23) + 0 + -11?
-5
What is 157 + -138 - (-2 - -1)?
20
17 + 13 + -5 - -2
27
(-29 - -76) + (-3 - 26)
18
What is the value of -10 - (20 - 15 - 2)?
-13
What is the value of (-4 - -23) + (4 - 1 - (3 - -5))?
14
Calculate -14 + (2 - (17 + -32)).
3
Evaluate 7 + -1 + (2 - 8 - -3) + 10.
13
Evaluate -52 + 17 + 18 + 5.
-12
What is the value of (-3 - -2) + 9 + (-9 - 17)?
-18
What is the value of 0 - -7 - (0 - -1 - (-10 - -13))?
9
Calculate -19 - -7 - (-6 - 1 - (-8 + -1)).
-14
Evaluate -2 - -2 - (23 + 10 + -18).
-15
Calculate -7 + 25 + -6 - 17.
-5
15 + -8 + (-11 - -14) + -13
-3
Evaluate 30 + 39 + -24 + -28.
17
What is 15 - (-2 - -8 - (4 - 1))?
12
Calculate 1 - (-19 + 6 - -9 - (-3 + -4)).
-2
Calculate -4 + (9 - 13) - -10 - (0 + -4).
6
Calculate 2 + 6 - (17 + 2 + -14).
3
Evaluate 8 - (2 + (4 - -5)) - (-2 - -7).
-8
What is the value of -18 + -12 + -8 + 12 + 8?
-18
What is -40 - -40 - (4 + -8)?
4
What is 4 + 8 + -12 + -3?
-3
What is -19 - -2 - (51 + -63) - -13?
8
5 + (-1 - -1 - 6 - (-30 + 35))
-6
What is the value of (-1 - -15 - (21 + 6 + -23)) + -4?
6
Evaluate (-6 - -1) + 2 - (1 - 1) - 0.
-3
-11 - ((4 + 4 - 41) + 5)
17
Calculate (-21 - -8) + (5 + 5 - 4) + -1.
-8
Evaluate (-9 - (-10 + (13 - 6))) + 25.
19
What is the value of 9 + (1 - -6 - (-37 + 17 + 23))?
13
Evaluate (-36 -